/20 - 3*t**4/4 - 7*t**3/6 - t**2 + 23*t. What is i(-8)?
-10
Let l(s) = -s**2 - 5*s. Let y(c) = c + 1. Let k(w) = -l(w) - 3*y(w). Suppose -6 = -5*i + 9. Give k(i).
12
Let v = -4 + 3. Let b(w) be the third derivative of -7*w**5/60 + w**4/24 + w**3/6 + w**2. Calculate b(v).
-7
Let k(i) be the third derivative of -i**6/60 - i**5/30 + i**4/12 + i**3/2 - 9*i**2. Let a(t) = t**2 - 4*t - 2. Let y be a(4). What is k(y)?
7
Let a(n) = n**2 + 5*n + 5. Let z be a(-5). Let o(l) = -2*l**3 + l**2 + 12*l - 4. Let w(t) = t**3 - t**2 - 6*t + 2. Let d(b) = -3*o(b) - 7*w(b). Calculate d(z).
3
Let i(t) = t**2 + 6*t - 2. Suppose 0 = -3*l + 5 + 7, -5*z + 4*l - 51 = 0. What is i(z)?
5
Let w(c) = c**3 + 5*c**2 - c - 3. Let m be w(-5). Let g(b) be the second derivative of b**4/12 - b**3/6 - b**2 - 9*b. Calculate g(m).
0
Let l be (-6)/12*-2*18. Suppose -5*f = -l - 2. Let x(i) = 3*i**2 - 1 - 2*i - 2*i**2 + 0*i. Determine x(f).
7
Let f(k) = -k - 6. Let o = -21 - -15. Calculate f(o).
0
Let h(y) = y**3 - y**2 - 2*y - 3. Let b(a) = -a**3 + a + 1. Let i(q) = 3*b(q) + h(q). Calculate i(1).
-2
Let n be -1 + 6 - (4 - (-1 + 3)). Let s(h) = -h + 4. What is s(n)?
1
Let t = 0 - -1/4. Let n(w) be the first derivative of -6*w - 1/2*w**2 - t*w**4 + 0*w**3 + 1. Determine n(0).
-6
Let f(y) = -y**2 + 6*y - 3. Let c(t) = -3*t - 3. Let s be c(-3). What is f(s)?
-3
Let p(d) = -3*d - 4. Let i be ((-6)/10)/(4/(-60)). Let u(w) be the third derivative of -w**4/24 + 5*w**3/6 + w**2. Let q be u(i). Calculate p(q).
8
Let i = 20 + -26. Let h(q) = -2*q. What is h(i)?
12
Let p(q) be the third derivative of q**5/60 - q**3/6 - 17*q**2. What is p(-2)?
3
Let h = -121 - -117. Let u(q) = q**3 + 3*q**2 - 4*q - 3. Give u(h).
-3
Let s(d) = -2*d**3 - 8*d**2 - 4*d + 10. Let q(n) = n**3 + n**2 - n - 1. Let p(g) = -3*q(g) - s(g). What is p(6)?
-1
Let c(k) = 1 + 6*k**2 + k - 2 - k**2. Let a = 8 + -4. Suppose -5*v = -a*v - 1. Calculate c(v).
5
Suppose 4*s - 52 + 12 = 0. Let i be (-4)/s + 6/(-10). Let f(g) = 2*g**3 + 4*g + 3. Let a(b) = 3*b**3 + 5*b + 4. Let c(u) = 4*a(u) - 5*f(u). Determine c(i).
-1
Let k(o) = -o**3 - o - 5. Let a(y) = 2*y**3 - 13*y**2 - 8*y + 7. Let s be a(7). Determine k(s).
-5
Let l = 12 + -1. Let i(k) = k**3 - 12*k**2 + 11*k + 5. What is i(l)?
5
Let z(o) be the third derivative of o**5/60 + 5*o**4/24 - 2*o**3/3 - 2*o**2. Determine z(-5).
-4
Let w(t) = -5 + 8 + 2*t - 4. Let x = -15 + 18. What is w(x)?
5
Suppose -5*x + 0 = -2*s + 30, -2*s - 2 = 3*x. Let h(y) = -3*y - s*y**2 + 4 + 0*y**3 - y**3 - 2. Suppose 3*p + 9 = 0, p + 0 = -2*i - 9. What is h(i)?
-7
Let k(m) = -m**3 - 3 - 3*m**2 + 2*m**3 - 2*m + 5*m**2 - 5*m**2. Let i = 8 - 14. Let y(u) = -u**2 - 8*u - 8. Let a be y(i). Give k(a).
5
Suppose 2*c - 1 = 13. Let a(z) = -z**2 + 7*z. Let q be a(c). Let f(v) = -v + 5. Calculate f(q).
5
Let y(h) = -h + 58*h**2 + 1 + 4*h - 59*h**2 - 2*h. Give y(3).
-5
Let g(j) be the first derivative of 2 + 5*j - 1/3*j**3 + 2*j**2. Give g(6).
-7
Suppose 0 = 4*l - 2*l + 2. Let g(v) = 11*v. Determine g(l).
-11
Let c be 14/56 - 38/(-8). Let h(o) = o + 1. Calculate h(c).
6
Let m(d) = 7*d + 2*d**2 - d**3 + d**2 - 7*d. Calculate m(3).
0
Let k(j) = -3 - 2*j + 3*j + 10. Let i = 0 - 3. Determine k(i).
4
Suppose -17*t + 14*t = -3. Let v(d) = 5*d**2 - d + 1. Give v(t).
5
Let c(q) = -6*q + 7. Let h(p) = -5*p + 6. Let i(w) = -4*c(w) + 5*h(w). Let t be (0 - -3)*(-8)/(-6). Give i(t).
-2
Let w(y) = y**2 - y - 1. Let c(r) = 5*r**2 - 8. Let o(x) = -c(x) + 6*w(x). Suppose 0*v + 12 = 3*v. Determine o(v).
-6
Let y be 2*6/(-4)*-1. Let v(g) = -8*g + y*g - g**2 + 2*g. Give v(-3).
0
Let w = 4 + -3. Let r(p) be the first derivative of 2*p**3/3 - p + 1. What is r(w)?
1
Let f = 73/3 + -71/3. Let m(c) be the second derivative of 4*c + f*c**3 + 0 - 1/6*c**4 - 3/2*c**2. Calculate m(2).
-3
Let v(t) = t + 3. Suppose -f + 4*f - 23 = 2*i, 4*f - 39 = i. Suppose 6*w + 20 = f*w. What is v(w)?
7
Let n(w) = -84 + w + 85 - w - w**2 - w. Determine n(2).
-5
Let j = -26 - -20. Let s(w) = 9 + 3*w - 2*w + 2*w. Give s(j).
-9
Let m(t) = -2*t**2 - 2. Let v be 4/18 + 0 - (-192)/108. Calculate m(v).
-10
Let n(t) be the second derivative of 0 + 4*t**2 + 1/6*t**3 - t. Determine n(0).
8
Suppose q + 0*o + 3 = -2*o, o + 9 = q. Suppose q = s + 2. Let c(z) = z**s + 1 + 2*z - 5*z + z. Calculate c(-2).
-3
Let t(v) = v**3 - v + 1 + 1 - 9*v**2 - 2 + 12. What is t(9)?
3
Let t(p) be the third derivative of 0*p + 0 + 2/3*p**3 + 1/60*p**5 + p**2 - 1/24*p**4. Determine t(0).
4
Let i(h) = 2*h - 1 - 2 + 3 + 1. Let g be (-11)/(-55) + (-19)/(-5). Calculate i(g).
9
Let s(u) = -u**3 - 3*u**2 + 1. Let n be s(-3). Let k(d) = -1 - 2*d + 4*d + n. Suppose 2*v = -6 + 14. What is k(v)?
8
Let o(u) be the second derivative of u**4/12 + 7*u**3/6 + 3*u**2/2 + 4*u. Give o(-6).
-3
Let d(b) = b**2 + 7*b + 4. Let x be (20/(-6) + 3)*15. Determine d(x).
-6
Suppose 49*f = 50*f + 5. Let z(m) = -m**3 - 5*m**2 - m. Calculate z(f).
5
Let m(x) = 5*x**2 - 11*x + 2. Let y(l) = -4*l**2 + 10*l - 2. Let j(d) = 5*m(d) + 6*y(d). Suppose -7 = g - 1. Let p be g/(-10) - (-23)/(-5). Calculate j(p).
-6
Let n(v) = -v**3 + v**2 + v + 12. Let y(c) = -c**3 + c**2 + c + 11. Let r(w) = -5*n(w) + 6*y(w). Suppose 3*u - 2*u = 0. What is r(u)?
6
Suppose 4*d - 9 = -5. Let m(s) = -15*s**2. Determine m(d).
-15
Let r(n) = n**3 - n**2 - n + 1. Let i(m) = -3*m**3 - m**2 + 8*m - 1. Let a(j) = j**2 + j - 1. Let o be a(-2). Let u(b) = o*i(b) + 2*r(b). Give u(-4).
-7
Let w(u) be the third derivative of -u**8/6720 + u**7/504 - u**6/120 + u**5/30 - u**4/8 - 3*u**2. Let x(b) be the second derivative of w(b). Give x(4).
-4
Suppose 2*j + 5 = j. Let g = j + 9. Let f(h) = -3 - h**2 + 4*h + 0*h**2 - 6*h - g*h. What is f(-2)?
5
Let j(t) = -8*t**2 + 1. Suppose -3*v + 5*c = -0*c - 17, 0 = 4*v - 3*c - 8. Determine j(v).
-7
Let n(o) be the first derivative of -5*o**2/2 + 3*o + 13. Determine n(2).
-7
Let b(k) be the first derivative of -1/2*k**4 + 2 + 0*k + 4/3*k**3 - k**2. Calculate b(2).
-4
Let q(p) be the second derivative of 7*p**5/20 + p**4/12 - 7*p**3/6 - 5*p**2/2 - 2*p. Let n(w) = 4*w**3 - 3*w - 2. Let f(y) = 5*n(y) - 3*q(y). Give f(-4).
-3
Suppose -5*c = -0*x + 5*x + 5, -2*c = x + 7. Let q(g) be the second derivative of g**4/12 + 5*g**3/6 - 3*g**2/2 - g. What is q(c)?
3
Let p(n) = -1. Let h(r) = -r - 1. Let u(w) = -h(w) - 5*p(w). Suppose -s + 28 = -5*s. Determine u(s).
-1
Let r(k) be the second derivative of 3*k**5/20 - k**4/6 + k**2/2 + 13*k. Determine r(-1).
-4
Suppose -5*i = d + 3*d + 1, -d - 16 = -4*i. Let p(y) = -y**2 - 5*y - 2. Calculate p(d).
2
Let z(o) = o - 3. Let a(n) = n + 1. Let f be a(-1). Calculate z(f).
-3
Let j(x) = -x**3 - 6*x**2 + 6*x + 4. Let q = -65 + 58. What is j(q)?
11
Let f(c) = 5*c. Let i be (-3)/(-3 - -6)*1. What is f(i)?
-5
Let j(k) = k**2 + k - 1. Let u(c) = 5*c**2 - 4*c + 3. Let f(t) = -4*j(t) + u(t). Determine f(7).
0
Let r(f) = -f**3 + 3*f**2 + f + 2. Let y = 12 + -4. Suppose 0 = 5*j - y - 12. What is r(j)?
-10
Let y(i) = 15*i - 1. Let a(k) = -8*k. Let l(t) = -5*a(t) - 3*y(t). Determine l(3).
-12
Let b(v) = 3*v + 3. Let s(k) = 1. Let r(z) = -b(z) + 2*s(z). What is r(1)?
-4
Let o(l) = -l**2 + 4*l - 3. Let u be o(2). Let f be 1/(2/3)*2. Let h(y) = 0*y**3 + 5*y**3 + f*y - 2*y. Give h(u).
6
Let x(h) = 7*h - 12. Let p(m) be the third derivative of -13*m**4/24 + 23*m**3/6 + 5*m**2. Let s(c) = 4*p(c) + 7*x(c). Determine s(6).
-10
Let z be (-6)/(-4)*(1 - -1). Let g(w) = 0 - 2 - 1 + 3*w + 0*w. What is g(z)?
6
Let p(j) = j**2 - 7*j. Suppose -4*x + a = -0*x - 29, 0 = -4*x + 3*a + 39. Calculate p(x).
-6
Let n(m) = -m**2 - 21 - 4*m + 17 + m + m. Give n(-4).
-12
Let r(a) = -11*a**2 + 10*a - 2. Let q(t) = 8*t**2 - 7*t + 1. Let l(w) = 7*q(w) + 5*r(w). Let x be 3/(-9) - (-8)/(-3). Give l(x).
3
Let p(t) be the first derivative of -t**3/3 + 3*t**2 - t - 1. Suppose 10 = 3*m + z, 2*z + 5 = 1. Give p(m).
7
Let g be (3 - 4)/(3/(-12)). Suppose -g*c = -c. Let h(l) = l**3 + l - 6. Calculate h(c).
-6
Suppose 10*l - 10 = 5*l. Suppose -l*h + 10 = 4*q, -4*h - 10 = h + 3*q. Let k(c) = -c**3 - 6*c**2 - 5*c + 1. Give k(h).
1
Let i(g) = 1. Let h(v) = -2*v**2 + 4*v - 4. Let b(j) = -h(j) - 2*i(j). What is b(3)?
8
Let q(t) = 7*t - 9 - t**2 + 6 - 1. Give q(5).
6
Let w(r) be the third derivative of -r**7/1680 - r**6/240 + r**5/20 + 4*r**2. Let k(u) be th